5*h + 19867. List the prime factors of h.
2, 1987
Let c be 15/(-10)*10/3. Let k = c + 425. List the prime factors of k.
2, 3, 5, 7
Let g(a) = 2*a - 44. Let m be g(22). Suppose -3*s + 3*y = -m*y + 777, s + y = -265. Let t = -86 - s. List the prime factors of t.
2, 11
Let k be (0 - 6/24)/((-2)/40). Suppose -2*x - 6*r + r + 1642 = 0, -k*r = -2*x + 1602. What are the prime factors of x?
811
Suppose g + 251*b - 256*b = 34619, -5*g = 4*b - 172921. What are the prime factors of g?
34589
Let p = -459 + 3447. List the prime factors of p.
2, 3, 83
Suppose 5*u - 17*u - 504 = 0. What are the prime factors of (((-6540)/u)/(-5))/(2/(-14))?
2, 109
Suppose 173588 + 32038 = 6*p. Suppose -25*w - 18*w + p = 0. List the prime factors of w.
797
Let y(i) = 4*i**2 + 19*i - 30. Let m be y(-6). Suppose -5*l + 2197 = 4*w, m = 5*w - 9*l + 4*l - 2735. List the prime factors of w.
2, 137
Suppose 17*i - 420387 = 15425. Suppose -29*a + i = -0*a. What are the prime factors of a?
2, 13, 17
Let z = -35910 + 50454. What are the prime factors of z?
2, 3, 101
Let n = 18 + -4. Let h = -15 + n. What are the prime factors of (-1032)/(-12) - (h - -2)?
5, 17
Let h(w) be the first derivative of 2*w**2 + 40*w - 1. Let c be h(-16). Let x = c - -61. List the prime factors of x.
37
What are the prime factors of ((-1162)/(-4))/(-16 - 95280/(-5952))?
2, 7, 31, 83
Let h be ((-3)/(-2))/((-1)/12). List the prime factors of h/(-5)*(-265)/(-2).
3, 53
Suppose 82*a - 52*a - 479460 = 0. What are the prime factors of a?
2, 61, 131
Let o(b) = 15*b**2 + 22*b + 27. Let x be o(-5). Let k = x - -400. What are the prime factors of k?
2, 173
Let r(q) = 30*q**3 - 2*q**2 + 26*q - 126. List the prime factors of r(5).
2, 463
Let a(u) = u**2 - 3*u - 103. Let f be a(12). Suppose -i - 2103 = -f*i + 3*y, 4*i - 4*y = 2108. What are the prime factors of i?
2, 3, 29
Let l be ((-8835)/45)/((-2)/6). Suppose 231 = 2*q - l. What are the prime factors of q?
2, 5, 41
Suppose -p + 25 = 8. Let x(n) = n**3 - 16*n**2 - 15*n - 34. Let k be x(p). Suppose -4*r - r + 160 = k. What are the prime factors of r?
2
Suppose -21 = 35*h - 32*h. Let w(q) = -q**3 + 4*q**2 + 6*q. What are the prime factors of w(h)?
7, 71
Let u = 5013 - 3365. Suppose 3*t - 2090 = -5*m + 8*t, 4*m + 2*t = u. List the prime factors of m.
2, 3, 23
Let a be (-12)/5*(-1650)/132. Suppose a*t = 35*t - 195. List the prime factors of t.
3, 13
Suppose -117*a = -122*a, 3*w - 13581 = -3*a. List the prime factors of w.
3, 503
List the prime factors of ((1 - 0)*(16 - (20 + 70072)))/(-2).
2, 17519
Suppose 3*k - 2579649 = -205*k + 41*k. List the prime factors of k.
3, 19, 271
Let k = 19 + 9. Suppose 0*w = -7*w + k. Suppose 136 = w*r - 36. What are the prime factors of r?
43
Suppose 0 = 5*s + 3*h - 43306, 327*h = -5*s + 322*h + 43300. List the prime factors of s.
8663
Suppose -242*s + 39*s = 42*s - 16409365. List the prime factors of s.
66977
Suppose -7*a = -a - 132. Suppose -4*l + 15 = -x - 15, -4*l = -5*x - a. List the prime factors of 2/1*(508/l + 2).
131
Suppose -5*v + 517 = 447. Suppose 0 = -44*m + v*m + 45720. List the prime factors of m.
2, 3, 127
Let b(q) be the third derivative of -5*q**4/24 - 13*q**3/3 - q**2. Let y(z) = -z**2 - 123*z - 1144. Let a be y(-10). List the prime factors of b(a).
2, 11
Suppose -m = d - 14, -3*d + 54 = 4*m - 0*d. Suppose 6*j = 12*j - m. Suppose 2*u = -j*y + 136, u + 170 = 4*y - 92. List the prime factors of y.
2, 3, 11
Let l(b) = -25*b**3 - b - 11. Let g(v) = 76*v**3 - v**2 + 2*v + 34. Let r(w) = -2*g(w) - 7*l(w). Let f be r(-2). Let o = f - -389. List the prime factors of o.
2, 3
Suppose -22*o + 76 = -3*o. Suppose 2 = 2*c - 2, 0 = 2*j - o*c - 2396. List the prime factors of j.
2, 601
Let v(a) = -132*a + 147. What are the prime factors of v(-9)?
3, 5, 89
Let c(j) = -2*j**2 + 79*j - 45. Let k = 474 + -443. What are the prime factors of c(k)?
2, 241
Suppose -2*c = -9*b + 9215 - 48238, 2*b = 2*c - 39044. What are the prime factors of c?
5, 11, 71
Suppose -12*o + 16190 = -146074. What are the prime factors of o?
2, 6761
Let p(o) = 126*o**3 + 4*o**2 - 5*o + 2. Let q be p(2). Let x = 718 - q. Let j = x - -514. What are the prime factors of j?
2, 3
Suppose -5*o + 2*a + 30 = -a, -19 = 2*o + 5*a. List the prime factors of 328/2 - (0 - o).
167
Suppose -3*b + 59380 = 155*d - 160*d, 2*b - d - 39603 = 0. What are the prime factors of b?
5, 17, 233
Let w(a) = 6*a**2 - a. Let u be w(-1). Suppose 3*t = -3*k - 9, k - u = 5*t + 4*k. List the prime factors of (t + 1)*(-315)/(-18).
5, 7
Let b be (-47)/(-7) + 4/14. Suppose 47 - b = 10*d. Suppose 285 - 1121 = -d*s. List the prime factors of s.
11, 19
List the prime factors of (-1012069)/(-161) - (-12)/14.
6287
Suppose -50*h - 931 = -57*h. Suppose 6*p = -h + 865. What are the prime factors of p?
2, 61
Suppose 770*q - 32238 = -4*z + 769*q, 0 = 3*z - 3*q - 24171. What are the prime factors of z?
8059
Suppose 2*m - 2*a + 8 = -2, -4*a - 4 = 0. Let s(f) = 3*f**2 + 30*f + 228. List the prime factors of s(m).
2, 3, 13
Let p(f) = f**3 + 22*f**2 + 54*f - 945. What are the prime factors of p(21)?
2, 3, 7, 19
Suppose -3*x - 2037 = -y - 0*x, 0 = -5*y - x + 10137. Suppose 3*u + 5*i = 1534, u - 5*u + 2*i = -y. List the prime factors of u.
2, 127
Let z = -1016 - -6838. List the prime factors of z.
2, 41, 71
Suppose -14*v + 1574 = 384. Suppose v = -4*d + 345. List the prime factors of d.
5, 13
Suppose -10*d + 27 = 4*h - 5*d, 2*d = 2*h. Suppose -6*b = -h*b + 5*g - 1302, g = b - 434. What are the prime factors of b?
2, 7, 31
Let o = -226 - -1122. What are the prime factors of o + (-16)/(8 + -4)?
2, 223
What are the prime factors of (11 + (-450)/42)*23611?
2, 3373
Suppose -117832 + 23478 = -38*s. List the prime factors of s.
13, 191
Let d = -220 + 241. List the prime factors of 7188/d - ((-111)/(-21) - 5).
2, 3, 19
Let x(p) = -333*p - 2947. List the prime factors of x(-88).
26357
Suppose 0 = -13*k - 10*k - 1104. Suppose -d = 2*f - 0 + 16, -2*d + 3*f = 11. What are the prime factors of (7 - -3)*k/d?
2, 3
Let d be 6 + 2 + (-55)/11. Suppose -3*y - 4*j + 2148 = 0, -d*y + j - 4*j + 2151 = 0. What are the prime factors of y?
2, 3, 5
Let j = 1103 - 1562. Let v be j/(-18)*(-4)/(-3). Let n = v + -3. What are the prime factors of n?
31
Let a(u) = 4*u**2 - 87*u - 202. List the prime factors of a(-25).
3, 7, 71
Let y(s) = 39*s**2 - 2*s - 1. Let u be y(-1). List the prime factors of 150/40*u/6.
5
Let a(k) = 5*k - 36. Let o be a(4). What are the prime factors of (-2*12/o)/((-30)/(-1520))?
2, 19
Let i(h) = 66 - 8 - 3 + 3*h + 4*h. What are the prime factors of i(8)?
3, 37
Suppose -x - 3 = 0, 1 = -5*w - 2*x - 5. Suppose w = q - 223 - 928. What are the prime factors of q?
1151
Let a(q) be the second derivative of -3*q**5/10 + q**4/6 - 5*q**2/2 + 9*q. Suppose -17*c = -16*c + 3. What are the prime factors of a(c)?
5, 7
Let l = -179 - -256. Suppose -l = -g - 4*b - b, b = 5*g - 333. What are the prime factors of g?
67
Suppose -13 = -4*h - 3*t + 8, 3*t - 15 = -3*h. Let q be (-1 - 1)/((-11)/22). What are the prime factors of ((-16)/h)/q + 772/6?
2
Let n be (-15)/(-3) + (-4)/(-4). Suppose 0 = -n*w - 29*w + 17815. List the prime factors of w.
509
Let b(o) = -13*o**3 - 4*o**2 - 4*o - 2. Suppose 2*q - 5*q - 2*n = -1, -n - 10 = 5*q. What are the prime factors of b(q)?
5, 13
Suppose -621*j + 821904 = -605*j. List the prime factors of j.
3, 17123
Let y = 28 + -40. List the prime factors of (-4)/y*(8*224 + -1).
3, 199
Let r(p) = -414*p + 1433. Let n be r(4). Let c = -225 - 155. Let t = n - c. What are the prime factors of t?
157
Let w(m) = -m**3 - 8*m**2 - 8*m + 15. Let o be w(-7). Suppose 3*a = -o - 20. What are the prime factors of a/(-2) - (-18)/6?
2, 5
Suppose 159*s = 151*s + 423 + 76377. What are the prime factors of s?
2, 3, 5
Let r(s) = -2*s**3 - 1. Suppose 5*p + y = -8 - 0, 2*p - 5*y = 13. Let h be r(p). List the prime factors of 28*(-1)/h*496/(-64).
7, 31
Suppose -3 = 4*d - 7, n - d = 4001. List the prime factors of n.
2, 3, 23, 29
Suppose 20281 - 6231 = 2*r + 8*r. What are the prime factors of r?
5, 281
Let z be 6 + 21/(-7) + 1631 + 0. Let g = z + -813. List the prime factors of g.
821
Suppose -5*k + 8 = 2*b, 55 - 17 = 4*b - k. Let m(h) = -14*h - 17. Let o be m(b). Let d = o - -271. What are the prime factors of d?
2
Suppose -71077 = -m - l, -31*l +